se 11) in base 5?
-130431
-12202313 (base 4) to base 10
-26807
6b2 (base 16) to base 3
2100111
What is -253206 (base 7) in base 15?
-dcbc
Convert -5897 (base 13) to base 6.
-133405
Convert 1204 (base 9) to base 5.
12040
Convert -48a (base 13) to base 7.
-2206
Convert -559 (base 14) to base 7.
-3042
What is -318 (base 14) in base 8?
-1142
Convert 1102303 (base 4) to base 5.
132144
924 (base 12) to base 16
52c
What is -10010000111 (base 2) in base 6?
-5211
-175 (base 10) to base 2
-10101111
What is 12103101 (base 4) in base 15?
79a9
What is -222505 (base 6) in base 14?
-6ba1
1074 (base 10) to base 11
897
Convert -1012303 (base 4) to base 11.
-344a
Convert 14211 (base 5) to base 14.
605
What is 239 (base 16) in base 13?
34a
-1001100001101001 (base 2) to base 8
-114151
What is -11100 (base 4) in base 10?
-336
What is -10221 (base 3) in base 12?
-8a
-24653 (base 7) to base 10
-6506
-ea (base 16) to base 15
-109
-5b9a (base 15) to base 10
-19495
Convert 7184 (base 11) to base 13.
4451
What is -516 (base 7) in base 10?
-258
-215 (base 13) to base 10
-356
36277 (base 8) to base 5
444201
What is -153 (base 16) in base 14?
-1a3
172 (base 12) to base 16
e6
307 (base 9) to base 8
372
What is 8208 (base 10) in base 11?
6192
What is -7009 (base 12) in base 14?
-45a9
Convert 32041 (base 5) to base 15.
981
What is -777 (base 11) in base 12?
-657
11133 (base 4) to base 8
537
Convert -47434 (base 8) to base 2.
-100111100011100
What is 11011220 (base 3) in base 4?
233220
Convert -a1 (base 16) to base 7.
-320
Convert -14e (base 15) to base 13.
-1a0
What is -7480 (base 10) in base 7?
-30544
What is 2574 (base 11) in base 8?
6424
What is -1b39 (base 12) in base 13?
-16b3
Convert 11011111000011 (base 2) to base 9.
21521
Convert -210201 (base 3) to base 13.
-361
-11101010 (base 2) to base 4
-3222
Convert -2526 (base 7) to base 15.
-436
-2a160 (base 11) to base 2
-1010011100011011
What is 202 (base 9) in base 6?
432
What is 153ee (base 15) in base 9?
113738
What is -2222020 (base 3) in base 5?
-32131
What is -760 (base 10) in base 5?
-11020
-14549 (base 11) to base 2
-101000010001111
What is -101001101100 (base 2) in base 10?
-2668
What is 318 (base 13) in base 16?
210
-2435 (base 14) to base 3
-22200001
-7c09 (base 16) to base 11
-21947
What is -2c56 (base 15) in base 7?
-36534
-215 (base 6) to base 9
-102
What is -483 (base 9) in base 4?
-12033
-40342 (base 7) to base 15
-2d71
What is 553 (base 10) in base 2?
1000101001
What is 30452 (base 7) in base 5?
214221
Convert -1111 (base 3) to base 4.
-220
Convert 12011 (base 5) to base 8.
1561
110100110001 (base 2) to base 12
1b55
779 (base 12) to base 3
1111210
What is d4d (base 15) in base 12?
189a
Convert 5353 (base 6) to base 7.
3363
2524 (base 7) to base 13
580
Convert 1bb (base 15) to base 13.
24b
Convert 4306 (base 7) to base 11.
1167
Convert 6656 (base 8) to base 9.
4721
-1166 (base 8) to base 2
-1001110110
-100010110101 (base 2) to base 12
-1359
Convert -164 (base 11) to base 2.
-10111111
What is 560 (base 12) in base 15?
37c
Convert 1001122 (base 4) to base 15.
1391
Convert 79 (base 13) to base 2.
1100100
Convert 562 (base 9) to base 7.
1226
3994 (base 14) to base 6
114514
Convert 310 (base 12) to base 2.
110111100
Convert 5839 (base 12) to base 14.
3829
5373 (base 14) to base 2
11100001001001
3865 (base 9) to base 11
21a1
-152 (base 6) to base 15
-48
Convert 691 (base 15) to base 8.
2716
-5166 (base 7) to base 2
-11100010100
b5 (base 14) to base 5
1114
Convert -10525 (base 6) to base 12.
-a45
46b0 (base 14) to base 4
3000102
Convert 1001101 (base 2) to base 15.
52
-110101111001 (base 2) to base 6
-23545
Convert -a2c7 (base 15) to base 6.
-423111
What is 4106 (base 15) in base 11?
a353
-32896 (base 10) to base 2
-1000000010000000
Convert 499c (base 14) to base 2.
11001001001110
ca (base 16) to base 2
11001010
Convert 444e (base 15) to base 16.
388a
Convert -3bb (base 12) to base 4.
-20333
12442 (base 7) to base 16
cf1
What is 110000110001011 (base 2) in base 3?
1021020212
300021 (base 5) to base 8
22252
Convert -2004101 (base 5) to base 7.
-161433
What is -343 (base 8) in base 16?
-e3
Convert 281 (base 16) to base 13.
3a4
558 (base 9) to base 8
712
6210 (base 7) to base 11
1697
Convert 23601 (base 9) to base 11.
10960
12268 (base 11) to base 2
100010011010011
What is -1001101 (base 2) in base 6?
-205
21022222 (base 3) to base 8
12341
1330121 (base 4) to base 12
4735
What is -740 (base 9) in base 7?
-1521
What is 3231314 (base 5) in base 3?
2210201210
Convert 2122 (base 6) to base 11.
3a9
Convert -5122 (base 7) to base 3.
-2102221
Convert 14332 (base 5) to base 2.
10011000001
Convert 110111001010100 (base 2) to base 12.
14418
758 (base 9) to base 13
389
1062 (base 12) to base 14
92a
-4272 (base 8) to base 2
-100010111010
Convert -245 (base 14) to base 3.
-121210
-5233 (base 6) to base 5
-14143
What is -96 (base 12) in base 4?
-1302
What is 24 (base 14) in base 5?
112
Convert 15301 (base 6) to base 10.
2485
What is -2452 (base 15) in base 7?
-31346
What is -4820 (base 9) in base 11?
-2767
6166 (base 9) to base 16
11a3
Convert 123021 (base 4) to base 16.
6c9
What is -73fc (base 16) in base 15?
-8be7
What is -282 (base 12) in base 8?
-602
Convert -b046 (base 16) to base 2.
-1011000001000110
1d5 (base 16) to base 15
214
Convert -115503 (base 6) to base 12.
-5b93
What is -3578 (base 15) in base 9?
-16525
139b (base 12) to base 16
8e7
What is 5175 (base 8) in base 4?
221331
Convert -2c6 (base 13) to base 16.
-1f4
-56611 (base 8) to base 16
-5d89
What is -62141 (base 8) in base 16?
-6461
Convert -130011 (base 4) to base 15.
-7ec
Convert -1677a (base 13) to base 11.
-2a366
2313032 (base 4) to base 3
121002022
Convert 12200111 (base 3) to base 15.
1364
What is -1100 (base 10) in base 8?
-2114
-299 (base 16) to base 6
-3025
233202 (base 4) to base 8
5742
Convert -1161 (base 8) to base 9.
-764
Convert 11000111011 (base 2) to base 15.
715
Convert 42677 (base 9) to base 7.
145246
What is -1034332 (base 6) in base 10?
-51536
-1067 (base 9) to base 4
-30112
Convert 229b (base 14) to base 11.
4580
Convert 599 (base 12) to base 5.
11322
-1414 (base 6) to base 15
-19a
4241 (base 6) to base 15
441
What is 268 (base 14) in base 3?
122221
Convert -441 (base 10) to base 3.
-121100
What is 46623 (base 7) in base 12?
6b19
What is -80a7 (base 15) in base 14?
-9c7b
Convert 20312321 (base 4) to base 5.
2130111
Convert -100101001010010 (base 2) to base 5.
-1102101
What is -12022 (base 4) in base 16?
-18a
Convert -1001100100111 (base 2) to base 15.
-16bd
What is 278 (base 13) in base 9?
535
Convert -32152 (base 8) to base 9.
-20358
What is -a35 (base 14) in base 4?
-133113
Convert -771b (base 15) to base 13.
-b636
Convert 9204 (base 13) to base 2.
100111010010011
-42 (base 14) to base 8
-72
What is 20050 (base 6) in base 15?
b9c
Convert -31121222 (base 4) to base 2.
-1101011001101010
What is -40323 (base 6) in base 5?
-132212
-9284 (base 12) to base 10
-15940
What is 4243 (base 6) in base 9?
1280
Convert -ca96 (base 13) to base 5.
-1400202
11142 (base 5) to base 4
30131
What is 434 (base 10) in base 14?
230
100001010 (base 2) to base 12
1a2
1253 (base 14) to base 7
12233
What is 9ba (base 15) in base 8?
4230
3031b (base 13) to base 9
141233
Convert 63635 (base 8) to base 13.
c0c5
-2a7 (base 13) to base 5
-3400
-360 (base 14) to base 4
-22200
-10212 (base 4) to base 13
-198
-93f (base 16) to base 7
-6621
-5211 (base 8) to base 2
-101010001001
Convert -1011011020 (base 3) to base 2.
-101100010111001
What is 5837 (base 12) in base 8?
23153
What is -650 (base 11) in base 6?
-3341
5430 (base 7) to base 15
88c
Convert -3423 (base 5) to base 12.
-348
Convert 1051 (base 14) to base 8.
5377
11330 (base 5) to base 7
2310
What is 1776 (base 12) in base 7?
11145
What is -104015 (base 6) in base 4?
-2013023
-154 (base 12) to base 10
-208
What is 134 (base 10) in base 14?
98
Convert 10110010010011 (base 2) to base 10.
11411
329 (base 12) to base 3
122020
-1311 (base 5) to base 15
-db
Convert 1b (base 12) to base 6.
35
112212 (base 5) to base 2
111111011001
What is -48ce (base 15) in base 3?
-210020212
-23275 (base 8) to base 3
-111121022
What is 2515 (base 8) in base 12?
951
What is 1000011100001 (base 2) in base 11?
3279
Convert 3364 (base 8) to base